-2 - -3).
2
0 + (-2 - -2) - (-322 + 320)
2
Calculate (2 - -2) + 11 + -4 + -2.
9
-4 + 2 - 0 - 3
-5
Calculate -2 + (1 - 2) - (14 - 15).
-2
What is the value of (2 + -4 - -3) + (20 - 21)?
0
Calculate -4 + 2 + 4 + 0.
2
What is the value of -6 - (-10 + 11) - -5?
-2
What is the value of -5 - (-9 - 1) - -2?
7
Calculate 7 - (4 - (-6 - (-5 - -8))).
-6
What is (-2 - (0 + -1)) + -54 + 53?
-2
2 + 8 - (7 + (6 - 9))
6
Evaluate -8 - (-1 + -6 - 0).
-1
55 + -55 + 4 + 0
4
1 + -11 + 7 - 1 - -8
4
What is the value of 7 - 2 - (27 - 20) - 9?
-11
What is (-5 - ((-3 - -5) + -5)) + 8?
6
What is the value of 6 - ((3 - -1) + 2) - 0?
0
Evaluate (3 - (12 - -1) - -7) + 0.
-3
(-3 - 0) + 0 - -7
4
What is the value of -1 + -2 - ((13 - 5) + -15)?
4
-3 - 1 - (-4 + 4 - 4)
0
What is (0 - -4 - -1) + -2?
3
Calculate 1 + 1 + 0 + (17 - 22).
-3
What is (7 - (-2 - (-8 + 2))) + -6?
-3
What is 2 - (9 - 3 - 4)?
0
Calculate 1 + (-9 - -6) + 3 - 4.
-3
(2 - 17 - -6 - -3) + 4
-2
What is the value of -25 + 32 - (1 - 0) - 14?
-8
What is the value of -2 + 11 + (4 - 9)?
4
Calculate -12 - -12 - 4 - 5.
-9
What is (3 - 0) + -33 + 24?
-6
What is 0 + -3 - (17 + -18)?
-2
Calculate (-171 - -172) + 0 + -4.
-3
What is 31 + -28 + (-3 - 6)?
-6
What is -5 + 14 + -2 + -3 + -5?
-1
What is the value of (-8 - -4) + (4 + -1 - 2)?
-3
Evaluate (2 - 1) + -4 - (-4 + -1).
2
What is the value of -12 - -13 - ((-6 - 1) + 0)?
8
What is the value of 0 + 9 + -9 - -5?
5
What is the value of 0 + -5 + -2 + 22 + -5?
10
0 + (1 - (-2 + -2 + 4))
1
What is 8 + -2 + -10 + 8 + -14?
-10
What is the value of 0 + -2 + -2 + 1?
-3
2 + (0 - (8 - 3)) + 8
5
Evaluate 3 + (-1 - -5) + -5.
2
(0 - 2) + (-13 - -26) + -19
-8
What is -5 - (2 + 1 - (22 + -5))?
9
Calculate 6 - (-2 + 2 + 17 + -11).
0
What is 7 + -7 + -8 + 6?
-2
What is 2 - 8 - (19 - 30)?
5
-23 - -29 - (1 + 2)
3
What is the value of -6 - (-3 - (-7 - -8))?
-2
Calculate 3 - (0 + 1 + -1 + -2).
5
Evaluate 3 + 3 + 7 + -9.
4
-9 + (3 - (6 - 9))
-3
What is 1 + (1 - (3 + 0)) - 0?
-1
Evaluate (9 - 4) + (-10 - (-1 - 0)).
-4
Evaluate 0 - (1 - (1 - -3)).
3
What is the value of -5 + 6 + 0 + 1 + 5?
7
Calculate -4 + (8 - 5) - -6.
5
What is -4 + 8 - 12 - (-16 + -2)?
10
Evaluate -7 + 4 - (-4 - (-1 + 3)).
3
Evaluate 3 + -12 + 2 + 2.
-5
What is the value of -3 - (-8 + 8) - -3?
0
What is the value of -7 + 4 - (-3 + -3 + 8)?
-5
(-2 - 1) + (1 - (1 - 3))
0
-1 + -3 - ((8 - -10) + -15)
-7
What is the value of 9 + -7 + (1 - 0 - 5)?
-2
Calculate 0 + -1 + 0 + -3 + 0.
-4
Calculate 1 - -1 - 1 - -1.
2
5 - (27 + -14 - 14)
6
What is the value of (-1 - -4) + (-2 - 3)?
-2
What is -5 + 9 + (3 - 6)?
1
Calculate -3 + (2 - 4) + 0.
-5
Evaluate 15 - 8 - 2 - 1.
4
Evaluate 4 + (6 - (-3 + -2 + 8)).
7
What is the value of 12 - (31 - 12 - 3)?
-4
What is the value of (0 - -4) + (6 - 1 - 5)?
4
What is 4 + (-3 - -9 - 17)?
-7
What is the value of 5 + (10 - (-2 - -6) - 8)?
3
What is -1 - -10 - (5 - (3 - 3))?
4
Evaluate 4 - (6 - (-9 - -17)).
6
Evaluate -1 - (8 + -2 - (10 - 6)).
-3
(1 - 1) + 14 + -5 + -4
5
Evaluate -3 + (7 - 1 - 0).
3
What is the value of -2 - 8 - -6 - -1?
-3
5 + -7 + 4 - 11
-9
2 + (7 - (-5 + 10))
4
What is 2 + 1 - (-3 - -9 - 9)?
6
Evaluate -23 - (-4 + -9) - -13.
3
What is the value of -1 - (3 + -2 - -3) - -3?
-2
What is the value of -6 + 0 - (14 - 8 - 9)?
-3
What is the value of -3 + (3 - (4 + -1))?
-3
-4 + 0 + -14 + 16 + 1
-1
What is the value of (8 + -1 - 6) + -6?
-5
What is the value of (2 - 2) + -2 + (-19 - -24)?
3
Calculate 76 + -69 - (1 + -3 - -8).
1
Calculate 1 + (1 - -3) + -5.
0
1 + 3 + -1 - (-8 + 6)
5
Calculate 2 - -6 - 13 - -9.
4
Calculate (6 - -3) + -4 - (0 + 5).
0
4 - (1 - (1 + -1 - -2))
5
(19 - 18) + 0 + 2
3
Calculate (-4 - (5 + -14)) + -6.
-1
What is the value of 3 + -2 + -3 + (10 - 5)?
3
(8 - 13) + -1 + -3 + 5
-4
5 + -10 + 22 + -26
-9
What is the value of 0 + (6 - (-4 + 6))?
4
Calculate -19 + 20 + (1 - 1) + 3.
4
What is (5 - 3) + (4 - 7 - -2)?
1
Calculate (1 - (-4 + 2)) + -1.
2
What is 3 - (-3 - (4 - 7))?
3
What is (-5 - -8) + -1 - 0?
2
-16 - -22 - (2 - (4 - 1))
7
Calculate 2 + 1 + -10 + (8 - 1).
0
What is (8 - 0) + (87 - 91)?
4
Evaluate 11 + -6 - (-4 - (-1 - 3)).
5
(8 - 3) + (-4 - (-3 - -2))
2
Calculate (-2 - -3) + 0 - (0 - -5).
-4
What is 5 + -2 + -20 + 23?
6
What is the value of 1 + 0 + -3 + (133 - 135)?
-4
Evaluate -39 - -43 - (0 - -5).
-1
What is the value of 8 - (7 - (3 + -1))?
3
Evaluate 1 + (1 - -4 - 5).
1
Evaluate 4 - (2 + 5 + -2).
-1
Calculate 1 - (7 + -6 - (-4 - -2)).
-2
-14 + (-1 - (2 - 2) - -8)
-7
-7 - (-6 + -1 + -3)
3
What is 1 - (3 + -3 + -3 - 1)?
5
-7 + 0 + -4 + -27 + 36
-2
What is 0 + 1 + -2 - (-6 - 0)?
5
2 - (3 + -2 - (1 + 2))
4
What is 7 - ((8 - 10) + 13)?
-4
Calculate (-9 - -12) + -5 - -1.
-1
What is -4 - (7 + -10 + -6)?
5
What is the value of -3 + (-2 - -11) - 2?
4
-3 + (-5 - -9) + -1
0
Calculate 5 + -8 - (-3 + 3 + -3).
0
What is -2 + (-1 - 3) - (6 + -9)?
-3
Calculate -4 - ((1 - 0) + -2) - 2.
-5
What is the value of -10 + 2 + -4 + 6?
-6
Calculate (-1 - -1) + 3 - (1 - 3).
5
What is 6 + (-23 - -8) - -4?
-5
What is the value of (-7 + 4 - 0) + 1 - -2?
0
What is 0 - 4 - -11 - 1?
6
Evaluate -37 + 23 - (-5 - -1).
-10
Calculate -10 - (1 + (-8 - -1)).
-4
Evaluate -2 + -5 + 6 - -6.
5
Calculate -18 + 23 + (14 - 23).
-4
What is -7 + 4 + (1 - 1 - 1)?
-4
1 + 1 + -1 + (10 - 6)
5
Calculate -1 - (-3 + (0 - -2)).
0
What is (1 - -1) + -2 - (-2 - -5)?
-3
7 + -17 + 12 - (1 - 5)
6
What is the value of -1 + 2 + 3 + -10?
-6
What is the value of 11 - (49 + -38 + (-6 - -1))?
5
What is the value of 8 + -2 - (-1 + 5 - -1)?
1
Evaluate (0 - (-4 + -7)) + -3.
8
Evaluate -9 + 4 + 12 + -17 + 7.
-3
22 - (-9 - (-12 + -9))
10
What is 5 + (-13 + -1 - -4)?
-5
Evaluate -3 - ((6 - 2) + -10).
3
Evaluate -4 + 0 + 11 + -4.
3
What is 8 - (-1 + -4 + 8 + 1)?
4
-3 + 0 + 2 + 17 + -14
2
Evaluate (2 - 5) + 5 + -4 + 3.
1
Evaluate (-6 - -2) + (-20 - -17) + 2.
-5
-1 + -1 + (11 - (10 + -3))
2
(4 - (-6 - -5)) + -8
-3
What is -3 - (-3 - -1) - 3?
-4
What is (0 - -11) + -18 + 13?
6
What is 14 - (14 + 7 + -8 - 7)?
8
Evaluate (-1 - -1 - 2) + (-7 - -5).
-4
What is -2 - 1 - (-3 - 4) - 8?
-4
What is the value of 8 - (-5 + 12 - 3)?
4
Evaluate (15 + -13 - (2 - -1)) + -6.
-7
Evaluate -3 + 6 + 4 - (10 + -6).
3
9 - (8 - -2) - (0 - -1)
-2
What is -1 - -8 - (46 + -41)?
2
What is (4 - 9) + -5 + 6 + 1?
-3
What is (-8 - -2) + 2 + (-8 - -11)?
-1
What is -3 + 2 - (-1 + (3 - 2))?
-1
Evaluate 15 - (2 - (-16 - -12)).
9
(0 - 12 - -6) + 2 + 1
-3
What is 2 + -2 + 1 + -13 + 11?
-1
0 + 0 + -4 - (-4 - -3)
-3
Calculate -4 - (9 + -10 + -6).
3
Calculate -6 - (3 + 2 + -5 - 2).
-4
Calculate 0 - -5 - (16 + -6).
-5
What is the value of 1 + 0 - -2 - 0?
3
(5 - (6 + -1)) + 8 + -2
6
What is 2 + -5 - (13 - 11)?
-5
What is 2 + 4 - (7 + -3)?
2
Calculate -2 + (4 - 10 - -5) + -2.
-5
What is 9 + (0 - 0 - 4)?
5
What is the value of -11 - (1 + 6 + -9 + -2)?
-7
Calculate (8 - -3 - 13) + -7.
-9
What is the value of -4 + (0 - 3 - -7)?
0
Calculate (36 - 38) + (-2 - 0 - -3).
-1
Evaluate -259 + 260 - (4 - (0 + 0)).
-3
What is the value of 0 + -1 - (-1 + -6 - -10)?
-4
What is (-3 - (-6 - 0)) + (0 - 0)?
3
What is the value of 1 + 1 - (6 + 5 + -4)?
-5
Calculate 8 - (0 - -9 - 7).
6
Evaluate -1 + 0 + 2 + -2 + 3.
2
-4 - -5 - (-5 - -11) - -5
0
Calculate 1 + (6 + -10 - (-3 - 0)).
0
-6 + 11 + -10 + (2 - -2)
-1
Evaluate (5 - -14) + -8 - 8.
3
Calculate -8 - (1 + 1 - 5) - -9.
4
What is the value of (-3 - 4) + 14 - 8?
-1
-5 + 15 - (-3 + -1 + 7)
7
9 + -16 + 8 - 4
-3
Evaluate (2 + 3 - 4) + -5.
-4
-4 - (5 + -13 + 4)
0
What is the value of -6 + 4 - (-10 + 1)?
7
Calculate 3 - (-2 + 4 + -4 + 6).
-1
What is the value of -6 - (12 - (-10 + 20))?
-8
What is 6 + (3 - ((-2 - -4) + 3))?
4
What is (-1 - -2) + -1 + (-29 - -28)?
-1
What is the value of -7 + 1 + (74 - 62)?
6
(5 - 8) + 2 - -1
0
What is the value of 5 - ((6 - -1) + -1 + -5)?
4
Evaluate 5 + (1 - (-3 + 2)) - 13.
-6
What is -6 + (3 - (4 - 2))?
-5
-4 - 0 - (0 - -1 - 3)
-2
Calculate (17 - 15) + (-1 - -9) - 1.
9
What is the value of (1 - 1 - (-7 - -3)) + -6?
-2
What is the value of -1 - -5 - -2 - (31 + -27)?
2
What is the value of 13 + (-14 - -3) + -7?
-5
Evaluate -83 + 81 - (-2 + 1).
-1
What is the value of (5 + 1 - -2) + -3?
5
7 - (-3 - (-6 - 0))
4
Evaluate 10 - (6 - 3) - 11.
-4
What is -5 + -1 + -1 + (4 - -1)?
-2
Calculate -2 - -2 - (-7 + 6 + 1).
0
Calculate